{"id":42,"date":"2026-03-09T18:35:24","date_gmt":"2026-03-09T18:35:24","guid":{"rendered":"https:\/\/cardio-sport.pl\/?page_id=42"},"modified":"2026-03-09T19:32:37","modified_gmt":"2026-03-09T19:32:37","slug":"strona-glowna","status":"publish","type":"page","link":"https:\/\/cardio-sport.pl\/","title":{"rendered":"Kontakt"},"content":{"rendered":"\t\t<div data-elementor-type=\"wp-page\" data-elementor-id=\"42\" class=\"elementor elementor-42\">\n\t\t\t\t<div class=\"elementor-element elementor-element-62c4391 e-flex e-con-boxed e-con e-parent\" data-id=\"62c4391\" data-element_type=\"container\" data-e-type=\"container\" data-settings=\"{&quot;background_background&quot;:&quot;slideshow&quot;,&quot;background_slideshow_gallery&quot;:[{&quot;id&quot;:40,&quot;url&quot;:&quot;http:\\\/\\\/cardio-sport.pl\\\/wp-content\\\/uploads\\\/2026\\\/03\\\/img_20230821_151514725-scaled.jpg&quot;},{&quot;id&quot;:24,&quot;url&quot;:&quot;http:\\\/\\\/cardio-sport.pl\\\/wp-content\\\/uploads\\\/2025\\\/12\\\/1000013382-5.jpg&quot;}],&quot;background_slideshow_slide_duration&quot;:15000,&quot;background_slideshow_slide_transition&quot;:&quot;slide_right&quot;,&quot;background_slideshow_loop&quot;:&quot;yes&quot;,&quot;background_slideshow_transition_duration&quot;:500}\">\n\t\t\t\t\t<div class=\"e-con-inner\">\n\t\t<div class=\"elementor-element elementor-element-95f07be e-con-full e-flex e-con e-child\" data-id=\"95f07be\" data-element_type=\"container\" data-e-type=\"container\">\n\t\t\t\t<div class=\"elementor-element elementor-element-362cd6e elementor-widget elementor-widget-heading\" data-id=\"362cd6e\" data-element_type=\"widget\" data-e-type=\"widget\" data-widget_type=\"heading.default\">\n\t\t\t\t\t<h2 class=\"elementor-heading-title elementor-size-default\">Sklep\u00a0Rowerowy, Narciarski<\/h2>\t\t\t\t<\/div>\n\t\t\t\t<\/div>\n\t\t<div class=\"elementor-element elementor-element-69813e0 e-con-full e-flex e-con e-child\" data-id=\"69813e0\" data-element_type=\"container\" data-e-type=\"container\">\n\t\t\t\t<div class=\"elementor-element elementor-element-91433e2 elementor-widget elementor-widget-text-editor\" data-id=\"91433e2\" data-element_type=\"widget\" data-e-type=\"widget\" data-widget_type=\"text-editor.default\">\n\t\t\t\t\t\t\t\t\t<p>Cardio-Sport to sklep i serwis rowerowy, narciarski znajduj\u0105cy si\u0119 w K\u0119dzierzynie-Ko\u017alu. W naszej ofercie znajdziecie rowery Scott, Unibike, Ecobike czy narty Atomic, Salomon, Rossignol i wiele innych.<\/p>\t\t\t\t\t\t\t\t<\/div>\n\t\t\t\t<\/div>\n\t\t\t\t\t<\/div>\n\t\t\t\t<\/div>\n\t\t<div class=\"elementor-element elementor-element-cdc30bc e-flex e-con-boxed e-con e-parent\" data-id=\"cdc30bc\" data-element_type=\"container\" data-e-type=\"container\">\n\t\t\t\t\t<div class=\"e-con-inner\">\n\t\t\t\t<div class=\"elementor-element elementor-element-fc52074 elementor-widget elementor-widget-heading\" data-id=\"fc52074\" data-element_type=\"widget\" data-e-type=\"widget\" data-widget_type=\"heading.default\">\n\t\t\t\t\t<h2 class=\"elementor-heading-title elementor-size-default\">Kontakt<\/h2>\t\t\t\t<\/div>\n\t\t\t\t\t<\/div>\n\t\t\t\t<\/div>\n\t\t<div class=\"elementor-element elementor-element-8d0a5e6 e-flex e-con-boxed e-con e-parent\" data-id=\"8d0a5e6\" data-element_type=\"container\" data-e-type=\"container\">\n\t\t\t\t\t<div class=\"e-con-inner\">\n\t\t<div class=\"elementor-element elementor-element-7b149a7 e-con-full e-flex e-con e-child\" data-id=\"7b149a7\" data-element_type=\"container\" data-e-type=\"container\">\n\t\t\t\t<div class=\"elementor-element elementor-element-ec3a419 elementor-widget elementor-widget-text-editor\" data-id=\"ec3a419\" data-element_type=\"widget\" data-e-type=\"widget\" data-widget_type=\"text-editor.default\">\n\t\t\t\t\t\t\t\t\t<div class=\"wDYxhc\" role=\"presentation\" data-attrid=\"kc:\/location\/location:address\" data-md=\"1002\" data-hveid=\"CCgQAA\" data-ved=\"2ahUKEwi--ZfMu5OTAxVuOBAIHeDpJ94QkCl6BAgoEAA\"><div class=\"Z1hOCe\"><div class=\"zloOqf PZPZlf\" data-dtype=\"d3ifr\" data-local-attribute=\"d3adr\" data-mid=\"\/g\/1hc14d6xs\" data-ved=\"2ahUKEwi--ZfMu5OTAxVuOBAIHeDpJ94QghwoAHoECCgQAQ\">Telefon:\u00a0<\/div><\/div><\/div><div class=\"wDYxhc\" role=\"presentation\" data-attrid=\"kc:\/local:alt phone\" data-md=\"1006\" data-hveid=\"CCwQAA\" data-ved=\"2ahUKEwi--ZfMu5OTAxVuOBAIHeDpJ94QkCl6BAgsEAA\"><div class=\"Z1hOCe\"><div class=\"zloOqf PZPZlf\" data-dtype=\"d3ifr\" data-local-attribute=\"d3ph\" data-ved=\"2ahUKEwi--ZfMu5OTAxVuOBAIHeDpJ94Q8I0BKAB6BAgsEAE\"><div class=\"zh0Yff\">77 307 00 03<\/div><\/div><\/div><\/div><div>\u00a0<\/div><div>E-mail:<\/div><div>cardio-sport@wp.pl<\/div><div>\u00a0<\/div><div>Adres:<\/div><div>Stanis\u0142awa Wyspia\u0144skiego 19, 47-206 K\u0119dzierzyn-Ko\u017ale<\/div><div>\u00a0<\/div><div class=\"wDYxhc\" role=\"presentation\" data-attrid=\"kc:\/local:alt phone\" data-md=\"1006\" data-hveid=\"CCwQAA\" data-ved=\"2ahUKEwi--ZfMu5OTAxVuOBAIHeDpJ94QkCl6BAgsEAA\"><div class=\"Z1hOCe\"><div class=\"zloOqf PZPZlf\" data-dtype=\"d3ifr\" data-local-attribute=\"d3ph\" data-ved=\"2ahUKEwi--ZfMu5OTAxVuOBAIHeDpJ94Q8I0BKAB6BAgsEAE\"><div>\u00a0<\/div><\/div><\/div><\/div>\t\t\t\t\t\t\t\t<\/div>\n\t\t\t\t<\/div>\n\t\t<div class=\"elementor-element elementor-element-e764140 e-con-full e-flex e-con e-child\" data-id=\"e764140\" data-element_type=\"container\" data-e-type=\"container\">\n\t\t\t\t<div class=\"elementor-element elementor-element-2594bbb elementor-widget elementor-widget-google_maps\" data-id=\"2594bbb\" data-element_type=\"widget\" data-e-type=\"widget\" data-widget_type=\"google_maps.default\">\n\t\t\t\t\t\t\t<div class=\"elementor-custom-embed\">\n\t\t\t<iframe loading=\"lazy\"\n\t\t\t\t\tsrc=\"https:\/\/maps.google.com\/maps?q=Cardio-sport&#038;t=m&#038;z=13&#038;output=embed&#038;iwloc=near\"\n\t\t\t\t\ttitle=\"Cardio-sport\"\n\t\t\t\t\taria-label=\"Cardio-sport\"\n\t\t\t><\/iframe>\n\t\t<\/div>\n\t\t\t\t\t\t<\/div>\n\t\t\t\t<\/div>\n\t\t\t\t\t<\/div>\n\t\t\t\t<\/div>\n\t\t<div class=\"elementor-element elementor-element-f5e8dae e-flex e-con-boxed e-con e-parent\" data-id=\"f5e8dae\" data-element_type=\"container\" data-e-type=\"container\">\n\t\t\t\t\t<div class=\"e-con-inner\">\n\t\t\t\t<div class=\"elementor-element elementor-element-b35d1a8 elementor-widget elementor-widget-heading\" data-id=\"b35d1a8\" data-element_type=\"widget\" data-e-type=\"widget\" data-widget_type=\"heading.default\">\n\t\t\t\t\t<h2 class=\"elementor-heading-title elementor-size-default\">Zapraszamy do \u015bledzenia bie\u017c\u0105cych wydarze\u0144 na:<\/h2>\t\t\t\t<\/div>\n\t\t\t\t\t<\/div>\n\t\t\t\t<\/div>\n\t\t<div class=\"elementor-element elementor-element-93ae6aa e-flex e-con-boxed e-con e-parent\" data-id=\"93ae6aa\" data-element_type=\"container\" data-e-type=\"container\" data-settings=\"{&quot;background_background&quot;:&quot;gradient&quot;}\">\n\t\t\t\t\t<div class=\"e-con-inner\">\n\t\t<div class=\"elementor-element elementor-element-6868d4b e-con-full e-flex e-con e-child\" data-id=\"6868d4b\" data-element_type=\"container\" data-e-type=\"container\">\n\t\t\t\t<div class=\"elementor-element elementor-element-6986629 elementor-widget elementor-widget-image\" data-id=\"6986629\" data-element_type=\"widget\" data-e-type=\"widget\" data-widget_type=\"image.default\">\n\t\t\t\t\t\t\t\t\t\t\t\t<figure class=\"wp-caption\">\n\t\t\t\t\t\t\t\t\t\t\t<a href=\"https:\/\/www.facebook.com\/cardioklodnica\">\n\t\t\t\t\t\t\t<img fetchpriority=\"high\" decoding=\"async\" width=\"300\" height=\"300\" src=\"http:\/\/cardio-sport.pl\/wp-content\/uploads\/2026\/03\/Facebook_f_logo_2019.svg_-300x300.webp\" class=\"attachment-medium size-medium wp-image-46\" alt=\"\" srcset=\"http:\/\/cardio-sport.pl\/wp-content\/uploads\/2026\/03\/Facebook_f_logo_2019.svg_-300x300.webp 300w, http:\/\/cardio-sport.pl\/wp-content\/uploads\/2026\/03\/Facebook_f_logo_2019.svg_-1024x1024.webp 1024w, http:\/\/cardio-sport.pl\/wp-content\/uploads\/2026\/03\/Facebook_f_logo_2019.svg_-150x150.webp 150w, http:\/\/cardio-sport.pl\/wp-content\/uploads\/2026\/03\/Facebook_f_logo_2019.svg_-768x768.webp 768w, http:\/\/cardio-sport.pl\/wp-content\/uploads\/2026\/03\/Facebook_f_logo_2019.svg_.webp 1280w\" sizes=\"(max-width: 300px) 100vw, 300px\" \/>\t\t\t\t\t\t\t\t<\/a>\n\t\t\t\t\t\t\t\t\t\t\t<figcaption class=\"widget-image-caption wp-caption-text\"><\/figcaption>\n\t\t\t\t\t\t\t\t\t\t<\/figure>\n\t\t\t\t\t\t\t\t\t<\/div>\n\t\t\t\t<\/div>\n\t\t<div class=\"elementor-element elementor-element-f1658e2 e-con-full e-flex e-con e-child\" data-id=\"f1658e2\" data-element_type=\"container\" data-e-type=\"container\">\n\t\t\t\t<div class=\"elementor-element elementor-element-e0d6ce0 elementor-widget elementor-widget-image\" data-id=\"e0d6ce0\" data-element_type=\"widget\" data-e-type=\"widget\" data-widget_type=\"image.default\">\n\t\t\t\t\t\t\t\t\t\t\t\t<figure class=\"wp-caption\">\n\t\t\t\t\t\t\t\t\t\t\t<a href=\"https:\/\/www.instagram.com\/cardiosportscott\/\">\n\t\t\t\t\t\t\t<img decoding=\"async\" width=\"360\" height=\"360\" src=\"http:\/\/cardio-sport.pl\/wp-content\/uploads\/2026\/03\/pngtree-instagram-icon-png-image_6315974.png\" class=\"attachment-large size-large wp-image-47\" alt=\"\" srcset=\"http:\/\/cardio-sport.pl\/wp-content\/uploads\/2026\/03\/pngtree-instagram-icon-png-image_6315974.png 360w, http:\/\/cardio-sport.pl\/wp-content\/uploads\/2026\/03\/pngtree-instagram-icon-png-image_6315974-300x300.png 300w, http:\/\/cardio-sport.pl\/wp-content\/uploads\/2026\/03\/pngtree-instagram-icon-png-image_6315974-150x150.png 150w\" sizes=\"(max-width: 360px) 100vw, 360px\" \/>\t\t\t\t\t\t\t\t<\/a>\n\t\t\t\t\t\t\t\t\t\t\t<figcaption class=\"widget-image-caption wp-caption-text\"><\/figcaption>\n\t\t\t\t\t\t\t\t\t\t<\/figure>\n\t\t\t\t\t\t\t\t\t<\/div>\n\t\t\t\t<\/div>\n\t\t\t\t\t<\/div>\n\t\t\t\t<\/div>\n\t\t<div class=\"elementor-element elementor-element-e22ab22 e-grid e-con-boxed e-con e-parent\" data-id=\"e22ab22\" data-element_type=\"container\" data-e-type=\"container\">\n\t\t\t\t\t<div class=\"e-con-inner\">\n\t\t\t\t\t<\/div>\n\t\t\t\t<\/div>\n\t\t\t\t<\/div>\n\t\t","protected":false},"excerpt":{"rendered":"<p>Sklep\u00a0Rowerowy, Narciarski Cardio-Sport to sklep i serwis rowerowy, narciarski znajduj\u0105cy si\u0119 w K\u0119dzierzynie-Ko\u017alu. W naszej ofercie znajdziecie rowery Scott, Unibike, Ecobike czy narty Atomic, Salomon, Rossignol i wiele innych. Kontakt Telefon:\u00a077 307 00 03\u00a0E-mail:cardio-sport@wp.pl\u00a0Adres:Stanis\u0142awa Wyspia\u0144skiego 19, 47-206 K\u0119dzierzyn-Ko\u017ale\u00a0\u00a0 Zapraszamy do \u015bledzenia bie\u017c\u0105cych wydarze\u0144 na:<\/p>\n","protected":false},"author":1,"featured_media":0,"parent":0,"menu_order":0,"comment_status":"closed","ping_status":"closed","template":"","meta":{"_kad_post_transparent":"","_kad_post_title":"hide","_kad_post_layout":"fullwidth","_kad_post_sidebar_id":"","_kad_post_content_style":"unboxed","_kad_post_vertical_padding":"hide","_kad_post_feature":"hide","_kad_post_feature_position":"","_kad_post_header":false,"_kad_post_footer":false,"_kad_post_classname":"","footnotes":""},"class_list":["post-42","page","type-page","status-publish","hentry"],"_links":{"self":[{"href":"https:\/\/cardio-sport.pl\/index.php\/wp-json\/wp\/v2\/pages\/42","targetHints":{"allow":["GET"]}}],"collection":[{"href":"https:\/\/cardio-sport.pl\/index.php\/wp-json\/wp\/v2\/pages"}],"about":[{"href":"https:\/\/cardio-sport.pl\/index.php\/wp-json\/wp\/v2\/types\/page"}],"author":[{"embeddable":true,"href":"https:\/\/cardio-sport.pl\/index.php\/wp-json\/wp\/v2\/users\/1"}],"replies":[{"embeddable":true,"href":"https:\/\/cardio-sport.pl\/index.php\/wp-json\/wp\/v2\/comments?post=42"}],"version-history":[{"count":44,"href":"https:\/\/cardio-sport.pl\/index.php\/wp-json\/wp\/v2\/pages\/42\/revisions"}],"predecessor-version":[{"id":97,"href":"https:\/\/cardio-sport.pl\/index.php\/wp-json\/wp\/v2\/pages\/42\/revisions\/97"}],"wp:attachment":[{"href":"https:\/\/cardio-sport.pl\/index.php\/wp-json\/wp\/v2\/media?parent=42"}],"curies":[{"name":"wp","href":"https:\/\/api.w.org\/{rel}","templated":true}]}}